-12. List the prime factors of l.
2, 3
Suppose -12 = -4*a + h, 2*h = 2*a + 3*h - 6. List the prime factors of a.
3
List the prime factors of (-1)/(-2)*368/4.
2, 23
Suppose -7*a + 12 = -3*a. List the prime factors of a + 3/((-9)/(-42)).
17
Let h = -6 + 8. Suppose -w + 12 = -5*n, 3*w = h*n + 21 + 15. List the prime factors of w.
2, 3
Let p(v) = v - 2. Let m be p(6). Suppose 3*z = 5*w - 52, m*w + 0*w = -z + 45. List the prime factors of w.
11
Let n = 28 - -10. What are the prime factors of n?
2, 19
Suppose -11*z + 9*z = -42. What are the prime factors of z?
3, 7
Let g(c) = -6*c - 17. What are the prime factors of g(-14)?
67
Let k be (-4 - -4) + (-18)/(-2). Let r(h) = -h**2 + 10*h + 3. List the prime factors of r(k).
2, 3
List the prime factors of (-12)/(-14)*(-294)/(-6).
2, 3, 7
List the prime factors of 1*1/(-4) + 874/8.
109
Let d = 17 + 5. Let y be (-276)/21 - (-2)/14. Let q = y + d. List the prime factors of q.
3
Suppose -5*c - 146 = -2*t + 135, c + 64 = 3*t. Let k = 99 + c. Suppose -4*g - 2*v + k = -5*v, 0 = 4*g - 4*v - 48. What are the prime factors of g?
2
Suppose -5*v + 378 = 3*s, 5*s - 5*v - 541 - 49 = 0. What are the prime factors of s?
11
Let s = -2 - -6. Let o = s + -2. List the prime factors of o.
2
Let r(d) = 40*d**3 + 2*d**2 + d - 2. What are the prime factors of r(1)?
41
Suppose 3*f - 63 = 4*i - 7*i, 5*i - 5*f - 75 = 0. Let z = i + -11. What are the prime factors of z?
7
Suppose 0 = -0*o + o + 2. Let x be (-36 - 0) + (-6)/o. Let k = -23 - x. List the prime factors of k.
2, 5
Let o be (-3)/(-5) - (-60)/25. Suppose o*i + j - 8 = 2*i, -i - 4*j - 4 = 0. List the prime factors of i.
2, 3
Let h = -1 + 2. Let m be (-33)/6*(-2)/1. Let o = m - h. What are the prime factors of o?
2, 5
Let o = -2 + 0. List the prime factors of 0/o - (-33)/3.
11
Suppose -4*o + 320 = 2*g, 0*g + 2*g = -8. What are the prime factors of o?
2, 41
Let o be (-2)/(-11) - 18/(-22). Let l(n) be the third derivative of n**5/15 + n**4/12 - n**3/6 + 4*n**2. List the prime factors of l(o).
5
Let m(j) = -3*j + 3. Let a(u) = u - 4. Let g be a(-4). List the prime factors of m(g).
3
Let z(v) = 2*v - 9. Let m(n) = 2*n - 10. Let u(k) = 2*k**2 + 3*k - 3. Let j be u(-3). Let h(w) = j*z(w) - 5*m(w). List the prime factors of h(4).
2
Let r(z) = z + 2. Let t be r(0). Suppose 0 = t*l - 7 + 1. Suppose l*j - 21 = 9. What are the prime factors of j?
2, 5
Suppose 4*w = 5*j + 1, 3*w - 2*j = -0*j - 1. Let i = w - -18. What are the prime factors of i?
17
Let y be -6*(14/4 - 1). Let h be (-21)/y - 6/(-10). Suppose n - 7 = -h*z, 5*z = 2*n - 23 - 0. What are the prime factors of n?
3
Let n be 4/(-6) + 92/12. Suppose -n*k + 40 = -2*k. What are the prime factors of k?
2
Let a(g) = -g**2 + 4*g + 3. Let y be a(4). Let q(b) = -4*b + y*b + 2*b + 2. What are the prime factors of q(10)?
2, 3
Let x = -40 + 54. List the prime factors of x.
2, 7
Let w(o) be the first derivative of 1/3*o**3 - 3*o**2 - 1 + 3*o. List the prime factors of w(6).
3
What are the prime factors of (-111)/9*(-6 - -3)?
37
Let r be (1 - 1) + -3 + 1. List the prime factors of (r/1)/(2/(-10)).
2, 5
Let z(a) = 3*a**2 + a. Let q be z(-2). Suppose -108 + 32 = v. List the prime factors of (-2)/(-5) - v/q.
2
List the prime factors of (-2)/(-4)*(257 - (6 - -1)).
5
Let d(p) = p**2 + 8*p + 8. Let t(v) = 15*v - 18. Let z(w) = -w + 1. Let y(l) = t(l) + 18*z(l). Let h be y(3). List the prime factors of d(h).
17
Let s(i) = -i**3 - 13*i**2 - 12*i - 8. Let y be s(-12). What are the prime factors of (y/5)/(8/(-20))?
2
Suppose -2*d = 5*q - 192, -q - 1 = 3*d - 29. List the prime factors of q.
2, 5
Let w be (2/5)/((-3)/(-45)). What are the prime factors of 11 + (w - 2)/(-2)?
3
Let w(o) be the third derivative of -o**4/4 - o**3/6 - 4*o**2. Suppose 3*z - 5*z = 4*g + 10, 5*z = 3*g + 27. List the prime factors of w(g).
23
Let w = -4 - -6. Suppose 3 = -3*c + 3*z, -z = -w*z + 2. List the prime factors of ((-8)/1)/(c + -3).
2
Suppose 21 = 3*r + 3*f, 0*r + f + 18 = 4*r. Suppose 0 = 5*a - 5*x + 50, -2*a + 2 = a + r*x. What are the prime factors of (3/a)/(2/(-16))?
2
Let r(j) = -4*j**2 + 8*j - 11. Let o(v) = -v**2 - v - 1. Let h(k) = -3*o(k) + r(k). Let w(c) = c - 3. Let t be w(12). List the prime factors of h(t).
2, 5
Let z(p) = 9*p - 9. List the prime factors of z(9).
2, 3
Let z(m) = -4*m - 17. Let h(y) = -y**2 - 5*y + 1. Let k be h(-7). List the prime factors of z(k).
5, 7
Suppose 0 = x + 3*c - 218, 4*c = -4*x + 7*c + 902. What are the prime factors of x?
2, 7
Suppose 0 = -3*r + 2*r + 5. Suppose r*i - 34 = p, 3*p - 9 = -i + p. List the prime factors of i.
7
Let a be ((-2)/(-4))/(1/48). Let s = 42 + a. What are the prime factors of (-1)/(-3)*s/2?
11
Let j be 1 + -20 + 52/(-13). Let b = 14 + -26. Let w = b - j. List the prime factors of w.
11
Let c = 27 + -12. Suppose 6*k = k + c. What are the prime factors of k?
3
List the prime factors of 703/7 - 3/7.
2, 5
Let k(c) = -c + 3. Let t be k(3). Let r be t/(((-1)/(-1))/(-1)). Suppose r = -5*y - 5*u + 35, 3*y + u + 5 = 26. List the prime factors of y.
7
Let h = -3 + 3. Suppose h = -4*l - s + 8, 3*l + 4*s + 2 + 5 = 0. List the prime factors of (l/6)/((-3)/(-12)).
2
Let m(h) = -h**3 - 2*h**2 - h. Let n = -11 - -8. Let d be m(n). Suppose 2*r - d = -r. What are the prime factors of r?
2
Suppose -3*p + 150 = -2*x, 0 = 4*x + 3*p + 284 + 16. Let g = x + 106. What are the prime factors of g?
31
Let g(i) = -465*i + 1. Let t be g(-1). What are the prime factors of (-4)/22 + t/22?
3, 7
Suppose 5*p - 94 = 426. List the prime factors of p.
2, 13
Let b(o) = o - 33. Let v be b(0). Let j be (-4)/(-22) - 918/v. Suppose -k - j = -q + 2*k, 2*q = 5*k + 51. What are the prime factors of q?
13
Suppose -4*b = b + 85. Let g = -7 - b. List the prime factors of g.
2, 5
Let b = 313 - 223. Suppose 2*c - 71 = -2*t + 19, 2*c = 4*t + b. List the prime factors of c.
3, 5
Let i be ((-18)/15)/(2/(-20)). Let a = 14 - i. List the prime factors of a.
2
Suppose 5*r - 4*p - 139 = -7*p, 5*p = 3*r - 63. What are the prime factors of r?
2, 13
Suppose -5*t + 3*t - 5 = 5*d, t + 5*d + 15 = 0. Let w be 18/15*t/(-4). List the prime factors of (-2)/(3/w)*1.
2
Suppose -3*s + 1013 = 374. Let j be (-4)/6 + s/9. Suppose 0*z + 2*l - 14 = -2*z, 5*z - j = l. List the prime factors of z.
5
Let p(m) = m - 5. Let q be p(9). Let v(w) = 3*w + 0*w - q*w. List the prime factors of v(-2).
2
Suppose -4*a + 5*t + 63 = 6, 5*t = -25. What are the prime factors of 86/a + 2/8?
11
Suppose 5*u - 120 = -5*h, u - 148 = -4*u + 2*h. What are the prime factors of u?
2, 7
Suppose 0*b - 5*b = -265. Suppose 4*l - 193 = -b. What are the prime factors of l?
5, 7
Let f = 56 - 30. What are the prime factors of f?
2, 13
Suppose 5*w - 10*w + 290 = 0. Let t = -27 + w. List the prime factors of t.
31
Suppose 0 = f - 2*z - 191, -z = -0*f - 2*f + 370. List the prime factors of f.
3, 61
Let d be ((-52)/6)/((-2)/3). Suppose -2*q = 3 - 1, -g + d = -3*q. What are the prime factors of g?
2, 5
Suppose u + 5*a = 3*u - 63, 3*a + 57 = 2*u. Let t = 53 - u. List the prime factors of t.
29
What are the prime factors of (-680)/(-70) - (-2)/7?
2, 5
Let k = -10 - -15. Suppose 0 = -4*o - n - 51 + 206, 5*o = 2*n + 184. Suppose 5*h = 2*y - 14 - 10, 4*y - k*h - o = 0. List the prime factors of y.
7
Suppose -1 = -3*h + 2*a + 17, h + 2*a + 2 = 0. What are the prime factors of h?
2
Let p(m) = m**2 + 5*m - 5. Let i be p(-7). Suppose q + i = 2*q. What are the prime factors of q?
3
Let u(r) = 3*r**3 + 2*r**2 - 2*r + 3. Let y be u(2). Let l = y + -13. List the prime factors of l.
2, 3
Let m(f) = f**3 - 4*f**2 + f - 1. Let x be m(3). Let c(q) = q + 1. Let l be c(-2). List the prime factors of (x/4)/(l/4).
7
List the prime factors of -3 + 4*10 + 4.
41
Let k(y) = 2*y**2 + 0*y**3 - y**3 + 4 + 2*y**3 - y**2. Let h be k(0). Suppose h*j - 5*c = 31, 2*c = 5*j + c - 65. List the prime factors of j.
2, 7
Suppose -108 = -5*s + s. Suppose 0 = -4*o + 33 + s. What are the prime factors of o?
3, 5
Suppose 4*s - 5*n - 302 = 0, s + 3*n - 33 - 34 = 0. What are the prime factors of s?
73
Let d = 18 + -15. Let y = -4 + 10. Suppose 2*h + 4*u = h - y, -d*h + 4*u + 14 = 0. List the prime factors of h.
2
Let c(n) = n**3 - 4*n**2 + n - 1. Let x be (3 - 6)*(-8)/6. Let r be c(x). Suppose 4*z = r*o + 23, -2*o - 20 - 6 = -4*z. What are the prime factors 